{"id":229,"date":"2019-05-06T11:55:01","date_gmt":"2019-05-06T09:55:01","guid":{"rendered":"https:\/\/webetu.iutnc.univ-lorraine.fr\/~muller514u\/wordpress\/?page_id=229"},"modified":"2020-09-15T17:31:00","modified_gmt":"2020-09-15T15:31:00","slug":"accueil","status":"publish","type":"page","link":"http:\/\/www.boucherie-jacquot.fr\/","title":{"rendered":"Accueil"},"content":{"rendered":"\t\t<div data-elementor-type=\"wp-post\" data-elementor-id=\"229\" class=\"elementor elementor-229\" data-elementor-settings=\"[]\">\n\t\t\t\t\t\t<div class=\"elementor-inner\">\n\t\t\t\t\t\t\t<div class=\"elementor-section-wrap\">\n\t\t\t\t\t\t\t<section class=\"elementor-section elementor-top-section elementor-element elementor-element-ed89547 elementor-section-boxed elementor-section-height-default elementor-section-height-default\" data-id=\"ed89547\" data-element_type=\"section\">\n\t\t\t\t\t\t<div class=\"elementor-container elementor-column-gap-default\">\n\t\t\t\t\t\t\t<div class=\"elementor-row\">\n\t\t\t\t\t<div class=\"elementor-column elementor-col-100 elementor-top-column elementor-element elementor-element-69940fe\" data-id=\"69940fe\" data-element_type=\"column\">\n\t\t\t<div class=\"elementor-column-wrap elementor-element-populated\">\n\t\t\t\t\t\t\t<div class=\"elementor-widget-wrap\">\n\t\t\t\t\t\t<div class=\"elementor-element elementor-element-cc35575 elementor-widget elementor-widget-spacer\" data-id=\"cc35575\" data-element_type=\"widget\" data-widget_type=\"spacer.default\">\n\t\t\t\t<div class=\"elementor-widget-container\">\n\t\t\t\t\t<div class=\"elementor-spacer\">\n\t\t\t<div class=\"elementor-spacer-inner\"><\/div>\n\t\t<\/div>\n\t\t\t\t<\/div>\n\t\t\t\t<\/div>\n\t\t\t\t<div class=\"elementor-element elementor-element-70a8d7e elementor-widget elementor-widget-text-editor\" data-id=\"70a8d7e\" data-element_type=\"widget\" data-widget_type=\"text-editor.default\">\n\t\t\t\t<div class=\"elementor-widget-container\">\n\t\t\t\t\t\t\t\t<div class=\"elementor-text-editor elementor-clearfix\">\n\t\t\t\t\t<p>Fond\u00e9e en 1907 par Edmond Jacquot, la boucherie est reprise par\u00a0<span style=\"font-family: inherit; font-size: 17.85px;\">Emile Jacquot en 1951 qui transmettra ensuite \u00e0\u00a0 H\u00e9l\u00e9ne<\/span><\/p>\t\t\t\t\t<\/div>\n\t\t\t\t\t\t<\/div>\n\t\t\t\t<\/div>\n\t\t\t\t\t\t<\/div>\n\t\t\t\t\t<\/div>\n\t\t<\/div>\n\t\t\t\t\t\t\t\t<\/div>\n\t\t\t\t\t<\/div>\n\t\t<\/section>\n\t\t\t\t<section class=\"elementor-section elementor-top-section elementor-element elementor-element-5564598 elementor-section-boxed elementor-section-height-default elementor-section-height-default\" data-id=\"5564598\" data-element_type=\"section\">\n\t\t\t\t\t\t<div class=\"elementor-container elementor-column-gap-default\">\n\t\t\t\t\t\t\t<div class=\"elementor-row\">\n\t\t\t\t\t<div class=\"elementor-column elementor-col-50 elementor-top-column elementor-element elementor-element-baf5dc5\" data-id=\"baf5dc5\" data-element_type=\"column\">\n\t\t\t<div class=\"elementor-column-wrap elementor-element-populated\">\n\t\t\t\t\t\t\t<div class=\"elementor-widget-wrap\">\n\t\t\t\t\t\t<div class=\"elementor-element elementor-element-e97e3b2 elementor-widget elementor-widget-image\" data-id=\"e97e3b2\" data-element_type=\"widget\" data-widget_type=\"image.default\">\n\t\t\t\t<div class=\"elementor-widget-container\">\n\t\t\t\t\t\t\t\t<div class=\"elementor-image\">\n\t\t\t\t\t\t\t\t\t\t\t\t<img loading=\"lazy\" decoding=\"async\" width=\"194\" height=\"300\" src=\"http:\/\/www.boucherie-jacquot.fr\/wp-content\/uploads\/2019\/06\/Edmond-194x300.jpg\" class=\"attachment-medium size-medium\" alt=\"\" \/>\t\t\t\t\t\t\t\t\t\t\t\t\t\t<\/div>\n\t\t\t\t\t\t<\/div>\n\t\t\t\t<\/div>\n\t\t\t\t<div class=\"elementor-element elementor-element-bd77523 elementor-widget elementor-widget-text-editor\" data-id=\"bd77523\" data-element_type=\"widget\" data-widget_type=\"text-editor.default\">\n\t\t\t\t<div class=\"elementor-widget-container\">\n\t\t\t\t\t\t\t\t<div class=\"elementor-text-editor elementor-clearfix\">\n\t\t\t\t\t<p style=\"text-align:center;\">Edmond Jacquot fondateur de la boucherie.\t\t\t\t\t<\/div>\n\t\t\t\t\t\t<\/div>\n\t\t\t\t<\/div>\n\t\t\t\t\t\t<\/div>\n\t\t\t\t\t<\/div>\n\t\t<\/div>\n\t\t\t\t<div class=\"elementor-column elementor-col-50 elementor-top-column elementor-element elementor-element-2e2abed\" data-id=\"2e2abed\" data-element_type=\"column\">\n\t\t\t<div class=\"elementor-column-wrap elementor-element-populated\">\n\t\t\t\t\t\t\t<div class=\"elementor-widget-wrap\">\n\t\t\t\t\t\t<div class=\"elementor-element elementor-element-7a8b89a elementor-widget elementor-widget-spacer\" data-id=\"7a8b89a\" data-element_type=\"widget\" data-widget_type=\"spacer.default\">\n\t\t\t\t<div class=\"elementor-widget-container\">\n\t\t\t\t\t<div class=\"elementor-spacer\">\n\t\t\t<div class=\"elementor-spacer-inner\"><\/div>\n\t\t<\/div>\n\t\t\t\t<\/div>\n\t\t\t\t<\/div>\n\t\t\t\t<div class=\"elementor-element elementor-element-350a5a7 elementor-widget elementor-widget-image\" data-id=\"350a5a7\" data-element_type=\"widget\" data-widget_type=\"image.default\">\n\t\t\t\t<div class=\"elementor-widget-container\">\n\t\t\t\t\t\t\t\t<div class=\"elementor-image\">\n\t\t\t\t\t\t\t\t\t\t\t\t<img loading=\"lazy\" decoding=\"async\" width=\"5510\" height=\"3996\" src=\"http:\/\/www.boucherie-jacquot.fr\/wp-content\/uploads\/2019\/06\/Helene.jpg\" class=\"attachment-full size-full\" alt=\"\" srcset=\"http:\/\/www.boucherie-jacquot.fr\/wp-content\/uploads\/2019\/06\/Helene.jpg 5510w, http:\/\/www.boucherie-jacquot.fr\/wp-content\/uploads\/2019\/06\/Helene-300x218.jpg 300w, http:\/\/www.boucherie-jacquot.fr\/wp-content\/uploads\/2019\/06\/Helene-768x557.jpg 768w, http:\/\/www.boucherie-jacquot.fr\/wp-content\/uploads\/2019\/06\/Helene-1024x743.jpg 1024w, http:\/\/www.boucherie-jacquot.fr\/wp-content\/uploads\/2019\/06\/Helene-900x653.jpg 900w, http:\/\/www.boucherie-jacquot.fr\/wp-content\/uploads\/2019\/06\/Helene-1280x928.jpg 1280w\" sizes=\"auto, (max-width: 5510px) 100vw, 5510px\" \/>\t\t\t\t\t\t\t\t\t\t\t\t\t\t<\/div>\n\t\t\t\t\t\t<\/div>\n\t\t\t\t<\/div>\n\t\t\t\t<div class=\"elementor-element elementor-element-81f065f elementor-widget elementor-widget-spacer\" data-id=\"81f065f\" data-element_type=\"widget\" data-widget_type=\"spacer.default\">\n\t\t\t\t<div class=\"elementor-widget-container\">\n\t\t\t\t\t<div class=\"elementor-spacer\">\n\t\t\t<div class=\"elementor-spacer-inner\"><\/div>\n\t\t<\/div>\n\t\t\t\t<\/div>\n\t\t\t\t<\/div>\n\t\t\t\t<div class=\"elementor-element elementor-element-627e18b elementor-widget elementor-widget-text-editor\" data-id=\"627e18b\" data-element_type=\"widget\" data-widget_type=\"text-editor.default\">\n\t\t\t\t<div class=\"elementor-widget-container\">\n\t\t\t\t\t\t\t\t<div class=\"elementor-text-editor elementor-clearfix\">\n\t\t\t\t\t<p style=\"text-align:center;\"> Emile Jacquot et sa femme H\u00e9l\u00e8ne propri\u00e9taires de la boucherie jusque 1975\t\t\t\t\t<\/div>\n\t\t\t\t\t\t<\/div>\n\t\t\t\t<\/div>\n\t\t\t\t\t\t<\/div>\n\t\t\t\t\t<\/div>\n\t\t<\/div>\n\t\t\t\t\t\t\t\t<\/div>\n\t\t\t\t\t<\/div>\n\t\t<\/section>\n\t\t\t\t<section class=\"elementor-section elementor-top-section elementor-element elementor-element-27efc09 elementor-section-boxed elementor-section-height-default elementor-section-height-default\" data-id=\"27efc09\" data-element_type=\"section\">\n\t\t\t\t\t\t<div class=\"elementor-container elementor-column-gap-default\">\n\t\t\t\t\t\t\t<div class=\"elementor-row\">\n\t\t\t\t\t<div class=\"elementor-column elementor-col-100 elementor-top-column elementor-element elementor-element-ecb9f9e\" data-id=\"ecb9f9e\" data-element_type=\"column\">\n\t\t\t<div class=\"elementor-column-wrap elementor-element-populated\">\n\t\t\t\t\t\t\t<div class=\"elementor-widget-wrap\">\n\t\t\t\t\t\t<div class=\"elementor-element elementor-element-7bbc9db elementor-widget elementor-widget-spacer\" data-id=\"7bbc9db\" data-element_type=\"widget\" data-widget_type=\"spacer.default\">\n\t\t\t\t<div class=\"elementor-widget-container\">\n\t\t\t\t\t<div class=\"elementor-spacer\">\n\t\t\t<div class=\"elementor-spacer-inner\"><\/div>\n\t\t<\/div>\n\t\t\t\t<\/div>\n\t\t\t\t<\/div>\n\t\t\t\t<div class=\"elementor-element elementor-element-67e7d55 elementor-widget elementor-widget-text-editor\" data-id=\"67e7d55\" data-element_type=\"widget\" data-widget_type=\"text-editor.default\">\n\t\t\t\t<div class=\"elementor-widget-container\">\n\t\t\t\t\t\t\t\t<div class=\"elementor-text-editor elementor-clearfix\">\n\t\t\t\t\t<ul><li><span style=\"font-family: inherit; font-size: 17.85px;\">En 1975 Jean Pierre Jacquot prend la suite et fera \u00e9voluer la structure\u00a0<\/span><span style=\"font-family: inherit; font-size: 17.85px;\">en SAS pour passer le flambeau en 2003 \u00e0 Lydie et Emile Jacquot.<\/span><\/li><\/ul><p style=\"font-size: 17.85px; line-height: 30.345px; font-family: Roboto, sans-serif; color: #000000;\">\u00a0<\/p>\t\t\t\t\t<\/div>\n\t\t\t\t\t\t<\/div>\n\t\t\t\t<\/div>\n\t\t\t\t<section class=\"elementor-section elementor-inner-section elementor-element elementor-element-2fbef3d elementor-section-boxed elementor-section-height-default elementor-section-height-default\" data-id=\"2fbef3d\" data-element_type=\"section\">\n\t\t\t\t\t\t<div class=\"elementor-container elementor-column-gap-default\">\n\t\t\t\t\t\t\t<div class=\"elementor-row\">\n\t\t\t\t\t<div class=\"elementor-column elementor-col-50 elementor-inner-column elementor-element elementor-element-faff4b1\" data-id=\"faff4b1\" data-element_type=\"column\">\n\t\t\t<div class=\"elementor-column-wrap elementor-element-populated\">\n\t\t\t\t\t\t\t<div class=\"elementor-widget-wrap\">\n\t\t\t\t\t\t<div class=\"elementor-element elementor-element-fb9c6c8 elementor-widget elementor-widget-image\" data-id=\"fb9c6c8\" data-element_type=\"widget\" data-widget_type=\"image.default\">\n\t\t\t\t<div class=\"elementor-widget-container\">\n\t\t\t\t\t\t\t\t<div class=\"elementor-image\">\n\t\t\t\t\t\t\t\t\t\t\t\t<img loading=\"lazy\" decoding=\"async\" width=\"629\" height=\"794\" src=\"http:\/\/www.boucherie-jacquot.fr\/wp-content\/uploads\/2019\/06\/grande.jpg\" class=\"attachment-large size-large\" alt=\"\" srcset=\"http:\/\/www.boucherie-jacquot.fr\/wp-content\/uploads\/2019\/06\/grande.jpg 768w, http:\/\/www.boucherie-jacquot.fr\/wp-content\/uploads\/2019\/06\/grande-238x300.jpg 238w\" sizes=\"auto, (max-width: 629px) 100vw, 629px\" \/>\t\t\t\t\t\t\t\t\t\t\t\t\t\t<\/div>\n\t\t\t\t\t\t<\/div>\n\t\t\t\t<\/div>\n\t\t\t\t\t\t<\/div>\n\t\t\t\t\t<\/div>\n\t\t<\/div>\n\t\t\t\t<div class=\"elementor-column elementor-col-50 elementor-inner-column elementor-element elementor-element-a5437bd\" data-id=\"a5437bd\" data-element_type=\"column\">\n\t\t\t<div class=\"elementor-column-wrap elementor-element-populated\">\n\t\t\t\t\t\t\t<div class=\"elementor-widget-wrap\">\n\t\t\t\t\t\t<div class=\"elementor-element elementor-element-988ed88 elementor-widget elementor-widget-image\" data-id=\"988ed88\" data-element_type=\"widget\" data-widget_type=\"image.default\">\n\t\t\t\t<div class=\"elementor-widget-container\">\n\t\t\t\t\t\t\t\t<div class=\"elementor-image\">\n\t\t\t\t\t\t\t\t\t\t\t\t<img loading=\"lazy\" decoding=\"async\" width=\"629\" height=\"453\" src=\"http:\/\/www.boucherie-jacquot.fr\/wp-content\/uploads\/2019\/06\/petite-768x553.jpg\" class=\"attachment-medium_large size-medium_large\" alt=\"\" srcset=\"http:\/\/www.boucherie-jacquot.fr\/wp-content\/uploads\/2019\/06\/petite.jpg 768w, http:\/\/www.boucherie-jacquot.fr\/wp-content\/uploads\/2019\/06\/petite-300x216.jpg 300w\" sizes=\"auto, (max-width: 629px) 100vw, 629px\" \/>\t\t\t\t\t\t\t\t\t\t\t\t\t\t<\/div>\n\t\t\t\t\t\t<\/div>\n\t\t\t\t<\/div>\n\t\t\t\t<div class=\"elementor-element elementor-element-b9dae3d elementor-widget elementor-widget-text-editor\" data-id=\"b9dae3d\" data-element_type=\"widget\" data-widget_type=\"text-editor.default\">\n\t\t\t\t<div class=\"elementor-widget-container\">\n\t\t\t\t\t\t\t\t<div class=\"elementor-text-editor elementor-clearfix\">\n\t\t\t\t\t<p style=\"text-align:center;\">Jean-Pierre a grandement fait \u00e9voluer la boucherie au cours de ses 28 ans de bons et loyaux services.\t\t\t\t\t<\/div>\n\t\t\t\t\t\t<\/div>\n\t\t\t\t<\/div>\n\t\t\t\t\t\t<\/div>\n\t\t\t\t\t<\/div>\n\t\t<\/div>\n\t\t\t\t\t\t\t\t<\/div>\n\t\t\t\t\t<\/div>\n\t\t<\/section>\n\t\t\t\t\t\t<\/div>\n\t\t\t\t\t<\/div>\n\t\t<\/div>\n\t\t\t\t\t\t\t\t<\/div>\n\t\t\t\t\t<\/div>\n\t\t<\/section>\n\t\t\t\t<section class=\"elementor-section elementor-top-section elementor-element elementor-element-d2abded elementor-section-boxed elementor-section-height-default elementor-section-height-default\" data-id=\"d2abded\" data-element_type=\"section\">\n\t\t\t\t\t\t<div class=\"elementor-container elementor-column-gap-default\">\n\t\t\t\t\t\t\t<div class=\"elementor-row\">\n\t\t\t\t\t<div class=\"elementor-column elementor-col-100 elementor-top-column elementor-element elementor-element-b70fb3c\" data-id=\"b70fb3c\" data-element_type=\"column\">\n\t\t\t<div class=\"elementor-column-wrap elementor-element-populated\">\n\t\t\t\t\t\t\t<div class=\"elementor-widget-wrap\">\n\t\t\t\t\t\t<div class=\"elementor-element elementor-element-68432ab elementor-widget elementor-widget-spacer\" data-id=\"68432ab\" data-element_type=\"widget\" data-widget_type=\"spacer.default\">\n\t\t\t\t<div class=\"elementor-widget-container\">\n\t\t\t\t\t<div class=\"elementor-spacer\">\n\t\t\t<div class=\"elementor-spacer-inner\"><\/div>\n\t\t<\/div>\n\t\t\t\t<\/div>\n\t\t\t\t<\/div>\n\t\t\t\t<div class=\"elementor-element elementor-element-7307b42 elementor-widget elementor-widget-text-editor\" data-id=\"7307b42\" data-element_type=\"widget\" data-widget_type=\"text-editor.default\">\n\t\t\t\t<div class=\"elementor-widget-container\">\n\t\t\t\t\t\t\t\t<div class=\"elementor-text-editor elementor-clearfix\">\n\t\t\t\t\t<p style=\"font-size: 17.85px; line-height: 30.345px; font-family: Roboto, sans-serif; color: #000000;\">Depuis plus de 110 ann\u00e9es d\u00e9di\u00e9es \u00e0 notre m\u00e9tier, nous poursuivons\u00a0<span style=\"font-family: inherit; font-size: 17.85px;\">un seul objectif :\u00a0<\/span><\/p>\n<p style=\"font-size: 17.85px; line-height: 30.345px; font-family: Roboto, sans-serif; color: #000000;\"><span style=\"font-weight: bold;\"><i><span style=\"font-family: inherit; font-size: 17.85px;\">Conjuguer la passion\u00a0de notre travail \u00e0 la qualit\u00e9 des\u00a0<\/span><span style=\"font-family: inherit; font-size: 17.85px;\">produits et du service que\u00a0nous proposons \u00e0 nos clients.\u00a0<\/span><\/i><\/span><\/p>\n<p style=\"font-size: 17.85px; line-height: 30.345px; font-family: Roboto, sans-serif; color: #000000;\">Notre \u00e9quipe est compos\u00e9e de personnes qualifi\u00e9es. Chacun est important dans l&rsquo;entreprise , pour fabriquer nos produits maison c&rsquo;est beaucoup de travail.<\/p>\n<p style=\"font-size: 17.85px; line-height: 30.345px; font-family: Roboto, sans-serif; color: #000000;\">Nous sommes l\u00e0 pour vous conseiller\u00a0avec professionnalismes et\nconvivialit\u00e9.<\/p>\t\t\t\t\t<\/div>\n\t\t\t\t\t\t<\/div>\n\t\t\t\t<\/div>\n\t\t\t\t\t\t<\/div>\n\t\t\t\t\t<\/div>\n\t\t<\/div>\n\t\t\t\t\t\t\t\t<\/div>\n\t\t\t\t\t<\/div>\n\t\t<\/section>\n\t\t\t\t<section class=\"elementor-section elementor-top-section elementor-element elementor-element-e39e8b0 elementor-section-boxed elementor-section-height-default elementor-section-height-default\" data-id=\"e39e8b0\" data-element_type=\"section\">\n\t\t\t\t\t\t<div class=\"elementor-container elementor-column-gap-default\">\n\t\t\t\t\t\t\t<div class=\"elementor-row\">\n\t\t\t\t\t<div class=\"elementor-column elementor-col-100 elementor-top-column elementor-element elementor-element-ddea6e1\" data-id=\"ddea6e1\" data-element_type=\"column\">\n\t\t\t<div class=\"elementor-column-wrap elementor-element-populated\">\n\t\t\t\t\t\t\t<div class=\"elementor-widget-wrap\">\n\t\t\t\t\t\t<div class=\"elementor-element elementor-element-9932d54 elementor-widget elementor-widget-image\" data-id=\"9932d54\" data-element_type=\"widget\" data-widget_type=\"image.default\">\n\t\t\t\t<div class=\"elementor-widget-container\">\n\t\t\t\t\t\t\t\t<div class=\"elementor-image\">\n\t\t\t\t\t\t\t\t\t\t\t\t<img loading=\"lazy\" decoding=\"async\" width=\"629\" height=\"430\" src=\"http:\/\/www.boucherie-jacquot.fr\/wp-content\/uploads\/2019\/06\/DSC2065a-768x525.jpg\" class=\"attachment-large size-large\" alt=\"\" srcset=\"http:\/\/www.boucherie-jacquot.fr\/wp-content\/uploads\/2019\/06\/DSC2065a-768x525.jpg 768w, http:\/\/www.boucherie-jacquot.fr\/wp-content\/uploads\/2019\/06\/DSC2065a-768x525-300x205.jpg 300w\" sizes=\"auto, (max-width: 629px) 100vw, 629px\" \/>\t\t\t\t\t\t\t\t\t\t\t\t\t\t<\/div>\n\t\t\t\t\t\t<\/div>\n\t\t\t\t<\/div>\n\t\t\t\t\t\t<\/div>\n\t\t\t\t\t<\/div>\n\t\t<\/div>\n\t\t\t\t\t\t\t\t<\/div>\n\t\t\t\t\t<\/div>\n\t\t<\/section>\n\t\t\t\t<section class=\"elementor-section elementor-top-section elementor-element elementor-element-a0f229d elementor-section-boxed elementor-section-height-default elementor-section-height-default\" data-id=\"a0f229d\" data-element_type=\"section\">\n\t\t\t\t\t\t<div class=\"elementor-container elementor-column-gap-default\">\n\t\t\t\t\t\t\t<div class=\"elementor-row\">\n\t\t\t\t\t<div class=\"elementor-column elementor-col-100 elementor-top-column elementor-element elementor-element-4b24533\" data-id=\"4b24533\" data-element_type=\"column\">\n\t\t\t<div class=\"elementor-column-wrap elementor-element-populated\">\n\t\t\t\t\t\t\t<div class=\"elementor-widget-wrap\">\n\t\t\t\t\t\t<div class=\"elementor-element elementor-element-c8800c4 elementor-widget elementor-widget-text-editor\" data-id=\"c8800c4\" data-element_type=\"widget\" data-widget_type=\"text-editor.default\">\n\t\t\t\t<div class=\"elementor-widget-container\">\n\t\t\t\t\t\t\t\t<div class=\"elementor-text-editor elementor-clearfix\">\n\t\t\t\t\t<p style=\"text-align:center;: 0px; font-size: 16px; font-weight: normal; color: #000000; font-family: Arial, Helvetica, sans-serif;\"><span style=\"margin-top: 0px; margin-right: 0px; margin-left: 0px; padding: 0px; font-size: 18px;\">\u00ab\u00a0Notre m\u00e9tier, nous le faisons par passion, par amour\u00a0des produits et pour vous servir\u00a0\u00bb<\/span><\/p>\t\t\t\t\t<\/div>\n\t\t\t\t\t\t<\/div>\n\t\t\t\t<\/div>\n\t\t\t\t\t\t<\/div>\n\t\t\t\t\t<\/div>\n\t\t<\/div>\n\t\t\t\t\t\t\t\t<\/div>\n\t\t\t\t\t<\/div>\n\t\t<\/section>\n\t\t\t\t\t\t<\/div>\n\t\t\t\t\t\t<\/div>\n\t\t\t\t\t<\/div>\n\t\t","protected":false},"excerpt":{"rendered":"<p>Fond\u00e9e en 1907 par Edmond Jacquot, la boucherie est reprise par\u00a0Emile Jacquot en 1951 qui transmettra ensuite \u00e0\u00a0 H\u00e9l\u00e9ne Edmond Jacquot fondateur de la boucherie. Emile Jacquot et sa femme H\u00e9l\u00e8ne propri\u00e9taires de la boucherie jusque 1975 En 1975 Jean Pierre Jacquot prend la suite et fera \u00e9voluer la structure\u00a0en SAS pour passer le flambeau [&hellip;]<\/p>\n","protected":false},"author":1,"featured_media":0,"parent":0,"menu_order":0,"comment_status":"closed","ping_status":"closed","template":"","meta":{"footnotes":""},"class_list":["post-229","page","type-page","status-publish","hentry"],"_links":{"self":[{"href":"http:\/\/www.boucherie-jacquot.fr\/index.php\/wp-json\/wp\/v2\/pages\/229","targetHints":{"allow":["GET"]}}],"collection":[{"href":"http:\/\/www.boucherie-jacquot.fr\/index.php\/wp-json\/wp\/v2\/pages"}],"about":[{"href":"http:\/\/www.boucherie-jacquot.fr\/index.php\/wp-json\/wp\/v2\/types\/page"}],"author":[{"embeddable":true,"href":"http:\/\/www.boucherie-jacquot.fr\/index.php\/wp-json\/wp\/v2\/users\/1"}],"replies":[{"embeddable":true,"href":"http:\/\/www.boucherie-jacquot.fr\/index.php\/wp-json\/wp\/v2\/comments?post=229"}],"version-history":[{"count":18,"href":"http:\/\/www.boucherie-jacquot.fr\/index.php\/wp-json\/wp\/v2\/pages\/229\/revisions"}],"predecessor-version":[{"id":990,"href":"http:\/\/www.boucherie-jacquot.fr\/index.php\/wp-json\/wp\/v2\/pages\/229\/revisions\/990"}],"wp:attachment":[{"href":"http:\/\/www.boucherie-jacquot.fr\/index.php\/wp-json\/wp\/v2\/media?parent=229"}],"curies":[{"name":"wp","href":"https:\/\/api.w.org\/{rel}","templated":true}]}}