{"id":225,"date":"2019-05-06T11:53:05","date_gmt":"2019-05-06T09:53:05","guid":{"rendered":"https:\/\/webetu.iutnc.univ-lorraine.fr\/~muller514u\/wordpress\/?p=225"},"modified":"2019-05-31T09:15:24","modified_gmt":"2019-05-31T07:15:24","slug":"menu","status":"publish","type":"page","link":"http:\/\/www.boucherie-jacquot.fr\/index.php\/menu\/","title":{"rendered":"Charcuterie"},"content":{"rendered":"\t\t<div data-elementor-type=\"wp-post\" data-elementor-id=\"225\" class=\"elementor elementor-225 elementor-bc-flex-widget\" data-elementor-settings=\"[]\">\n\t\t\t\t\t\t<div class=\"elementor-inner\">\n\t\t\t\t\t\t\t<div class=\"elementor-section-wrap\">\n\t\t\t\t\t\t\t<section class=\"elementor-section elementor-top-section elementor-element elementor-element-f68d556 elementor-section-boxed elementor-section-height-default elementor-section-height-default\" data-id=\"f68d556\" data-element_type=\"section\">\n\t\t\t\t\t\t<div class=\"elementor-container elementor-column-gap-default\">\n\t\t\t\t\t\t\t<div class=\"elementor-row\">\n\t\t\t\t\t<div class=\"elementor-column elementor-col-100 elementor-top-column elementor-element elementor-element-366e809\" data-id=\"366e809\" data-element_type=\"column\">\n\t\t\t<div class=\"elementor-column-wrap elementor-element-populated\">\n\t\t\t\t\t\t\t<div class=\"elementor-widget-wrap\">\n\t\t\t\t\t\t<div class=\"elementor-element elementor-element-5586ff2 elementor-widget elementor-widget-heading\" data-id=\"5586ff2\" data-element_type=\"widget\" data-widget_type=\"heading.default\">\n\t\t\t\t<div class=\"elementor-widget-container\">\n\t\t\t<h2 class=\"elementor-heading-title elementor-size-default\">Fabrication maison<\/h2>\t\t<\/div>\n\t\t\t\t<\/div>\n\t\t\t\t\t\t<\/div>\n\t\t\t\t\t<\/div>\n\t\t<\/div>\n\t\t\t\t\t\t\t\t<\/div>\n\t\t\t\t\t<\/div>\n\t\t<\/section>\n\t\t\t\t<section class=\"elementor-section elementor-top-section elementor-element elementor-element-5a303cb elementor-section-boxed elementor-section-height-default elementor-section-height-default\" data-id=\"5a303cb\" data-element_type=\"section\">\n\t\t\t\t\t\t<div class=\"elementor-container elementor-column-gap-default\">\n\t\t\t\t\t\t\t<div class=\"elementor-row\">\n\t\t\t\t\t<div class=\"elementor-column elementor-col-100 elementor-top-column elementor-element elementor-element-ef56b0f\" data-id=\"ef56b0f\" data-element_type=\"column\">\n\t\t\t<div class=\"elementor-column-wrap elementor-element-populated\">\n\t\t\t\t\t\t\t<div class=\"elementor-widget-wrap\">\n\t\t\t\t\t\t<div class=\"elementor-element elementor-element-edcae39 elementor-widget elementor-widget-text-editor\" data-id=\"edcae39\" data-element_type=\"widget\" data-widget_type=\"text-editor.default\">\n\t\t\t\t<div class=\"elementor-widget-container\">\n\t\t\t\t\t\t\t\t<div class=\"elementor-text-editor elementor-clearfix\">\n\t\t\t\t\t<p>Notre point fort r\u00e9side dans la fabrication maison de nos produits en effet\u00a0<span style=\"font-family: inherit; font-size: 17.85px;\">a maison Jacquot f<\/span><span style=\"font-family: inherit; font-size: 17.85px;\">abrique sa charcuterie dans ses propres locaux<\/span><\/p><p><i style=\"font-family: inherit; font-size: 17.85px;\"><b>Nous fabriquon<\/b><span style=\"font-weight: bold;\">s chez nous, pour vous !<\/span><\/i><\/p><p>Voici les produits phares de notre charcuterie artisanale :<\/p>\t\t\t\t\t<\/div>\n\t\t\t\t\t\t<\/div>\n\t\t\t\t<\/div>\n\t\t\t\t\t\t<\/div>\n\t\t\t\t\t<\/div>\n\t\t<\/div>\n\t\t\t\t\t\t\t\t<\/div>\n\t\t\t\t\t<\/div>\n\t\t<\/section>\n\t\t\t\t<section class=\"elementor-section elementor-top-section elementor-element elementor-element-a3c81ac elementor-section-boxed elementor-section-height-default elementor-section-height-default\" data-id=\"a3c81ac\" data-element_type=\"section\">\n\t\t\t\t\t\t<div class=\"elementor-container elementor-column-gap-default\">\n\t\t\t\t\t\t\t<div class=\"elementor-row\">\n\t\t\t\t\t<div class=\"elementor-column elementor-col-50 elementor-top-column elementor-element elementor-element-54e4bc4\" data-id=\"54e4bc4\" data-element_type=\"column\">\n\t\t\t<div class=\"elementor-column-wrap elementor-element-populated\">\n\t\t\t\t\t\t\t<div class=\"elementor-widget-wrap\">\n\t\t\t\t\t\t<div class=\"elementor-element elementor-element-5c2990d elementor-widget elementor-widget-text-editor\" data-id=\"5c2990d\" data-element_type=\"widget\" data-widget_type=\"text-editor.default\">\n\t\t\t\t<div class=\"elementor-widget-container\">\n\t\t\t\t\t\t\t\t<div class=\"elementor-text-editor elementor-clearfix\">\n\t\t\t\t\t<ul style=\"font-size: 17.85px; line-height: 30.345px; font-family: Roboto, sans-serif;\"><li style=\"font-size: 17.85px; line-height: 30.345px;\"><span style=\"font-family: inherit; font-size: 17.85px;\">Boudins noir\u00a0 \u00a0 \u00a0 \u00a0 \u00a0 \u00a0 \u00a0 \u00a0 \u00a0 \u00a0 \u00a0\u00a0<\/span><\/li><li style=\"font-size: 17.85px; line-height: 30.345px;\">Boudins blanc<\/li><li style=\"font-size: 17.85px; line-height: 30.345px;\">Fromage de t\u00eate<\/li><li style=\"font-size: 17.85px; line-height: 30.345px;\">Jambon blanc\u00a0<\/li><li style=\"font-size: 17.85px; line-height: 30.345px;\">P\u00e2t\u00e9 de campagne<\/li><li style=\"font-size: 17.85px; line-height: 30.345px;\">Terrine \u00e0 la bi\u00e8re de Saint Nicolas<\/li><li style=\"margin-bottom: 0.5em; font-size: 17.85px; line-height: 30.345px;\">Terrine \u00e0 la mirabelle<\/li><\/ul>\t\t\t\t\t<\/div>\n\t\t\t\t\t\t<\/div>\n\t\t\t\t<\/div>\n\t\t\t\t\t\t<\/div>\n\t\t\t\t\t<\/div>\n\t\t<\/div>\n\t\t\t\t<div class=\"elementor-column elementor-col-50 elementor-top-column elementor-element elementor-element-951f07f\" data-id=\"951f07f\" data-element_type=\"column\">\n\t\t\t<div class=\"elementor-column-wrap elementor-element-populated\">\n\t\t\t\t\t\t\t<div class=\"elementor-widget-wrap\">\n\t\t\t\t\t\t<div class=\"elementor-element elementor-element-40f32d7 elementor-widget elementor-widget-text-editor\" data-id=\"40f32d7\" data-element_type=\"widget\" data-widget_type=\"text-editor.default\">\n\t\t\t\t<div class=\"elementor-widget-container\">\n\t\t\t\t\t\t\t\t<div class=\"elementor-text-editor elementor-clearfix\">\n\t\t\t\t\t<ul><li>Fuseau Lorrain<\/li><li>Saucisson cuit<\/li><li>Cervelas<\/li><li>\u00a0Mille feuilles de canard<\/li><li>Foie gras de canard<\/li><li>\u00a0M\u00e9daillon au saumon<\/li><\/ul>\t\t\t\t\t<\/div>\n\t\t\t\t\t\t<\/div>\n\t\t\t\t<\/div>\n\t\t\t\t\t\t<\/div>\n\t\t\t\t\t<\/div>\n\t\t<\/div>\n\t\t\t\t\t\t\t\t<\/div>\n\t\t\t\t\t<\/div>\n\t\t<\/section>\n\t\t\t\t<section class=\"elementor-section elementor-top-section elementor-element elementor-element-e06dadf elementor-section-boxed elementor-section-height-default elementor-section-height-default\" data-id=\"e06dadf\" data-element_type=\"section\">\n\t\t\t\t\t\t<div class=\"elementor-container elementor-column-gap-default\">\n\t\t\t\t\t\t\t<div class=\"elementor-row\">\n\t\t\t\t\t<div class=\"elementor-column elementor-col-100 elementor-top-column elementor-element elementor-element-53c99fe\" data-id=\"53c99fe\" data-element_type=\"column\">\n\t\t\t<div class=\"elementor-column-wrap elementor-element-populated\">\n\t\t\t\t\t\t\t<div class=\"elementor-widget-wrap\">\n\t\t\t\t\t\t<div class=\"elementor-element elementor-element-1d0aff5 elementor-widget elementor-widget-text-editor\" data-id=\"1d0aff5\" data-element_type=\"widget\" data-widget_type=\"text-editor.default\">\n\t\t\t\t<div class=\"elementor-widget-container\">\n\t\t\t\t\t\t\t\t<div class=\"elementor-text-editor elementor-clearfix\">\n\t\t\t\t\t<p>Bien d&rsquo;autres cr\u00e9ations sont \u00e0 d\u00e9couvrir au magasin<\/p>\t\t\t\t\t<\/div>\n\t\t\t\t\t\t<\/div>\n\t\t\t\t<\/div>\n\t\t\t\t\t\t<\/div>\n\t\t\t\t\t<\/div>\n\t\t<\/div>\n\t\t\t\t\t\t\t\t<\/div>\n\t\t\t\t\t<\/div>\n\t\t<\/section>\n\t\t\t\t<section class=\"elementor-section elementor-top-section elementor-element elementor-element-393dc23 elementor-section-boxed elementor-section-height-default elementor-section-height-default\" data-id=\"393dc23\" data-element_type=\"section\">\n\t\t\t\t\t\t<div class=\"elementor-container elementor-column-gap-default\">\n\t\t\t\t\t\t\t<div class=\"elementor-row\">\n\t\t\t\t\t<div class=\"elementor-column elementor-col-100 elementor-top-column elementor-element elementor-element-e21663c\" data-id=\"e21663c\" data-element_type=\"column\">\n\t\t\t<div class=\"elementor-column-wrap elementor-element-populated\">\n\t\t\t\t\t\t\t<div class=\"elementor-widget-wrap\">\n\t\t\t\t\t\t<div class=\"elementor-element elementor-element-e37a1a7 elementor-widget elementor-widget-text-editor\" data-id=\"e37a1a7\" data-element_type=\"widget\" data-widget_type=\"text-editor.default\">\n\t\t\t\t<div class=\"elementor-widget-container\">\n\t\t\t\t\t\t\t\t<div class=\"elementor-text-editor elementor-clearfix\">\n\t\t\t\t\t<h4>Journ\u00e9e type de notre charcuterie artisanale<\/h4>\t\t\t\t\t<\/div>\n\t\t\t\t\t\t<\/div>\n\t\t\t\t<\/div>\n\t\t\t\t\t\t<\/div>\n\t\t\t\t\t<\/div>\n\t\t<\/div>\n\t\t\t\t\t\t\t\t<\/div>\n\t\t\t\t\t<\/div>\n\t\t<\/section>\n\t\t\t\t<section class=\"elementor-section elementor-top-section elementor-element elementor-element-e198b1a elementor-section-boxed elementor-section-height-default elementor-section-height-default\" data-id=\"e198b1a\" data-element_type=\"section\">\n\t\t\t\t\t\t<div class=\"elementor-container elementor-column-gap-default\">\n\t\t\t\t\t\t\t<div class=\"elementor-row\">\n\t\t\t\t\t<div class=\"elementor-column elementor-col-100 elementor-top-column elementor-element elementor-element-ddc247a\" data-id=\"ddc247a\" data-element_type=\"column\">\n\t\t\t<div class=\"elementor-column-wrap elementor-element-populated\">\n\t\t\t\t\t\t\t<div class=\"elementor-widget-wrap\">\n\t\t\t\t\t\t<div class=\"elementor-element elementor-element-70374e9 elementor-widget elementor-widget-text-editor\" data-id=\"70374e9\" data-element_type=\"widget\" data-widget_type=\"text-editor.default\">\n\t\t\t\t<div class=\"elementor-widget-container\">\n\t\t\t\t\t\t\t\t<div class=\"elementor-text-editor elementor-clearfix\">\n\t\t\t\t\t<ol><li>Tout commence par la r\u00e9ception des mati\u00e8res premi\u00e8res, il faut v\u00e9rifier que la marchandise est conforme \u00e0 nos attentes.<\/li><li>Une fois la v\u00e9rification de la marchandise, elle est imm\u00e9diatement entrepos\u00e9 au frais dans la chambre froide.<\/li><li>Les viandes sont progressivement d\u00e9coup\u00e9es et par\u00e9es pour la fabrication de la charcuterie artisanale.<\/li><li>Les viandes destin\u00e9es \u00e0 la charcuterie sont ensuite sal\u00e9es<br \/>&#8211; Salage \u00e0 sec<br \/>&#8211; Mise en saumure<br \/>&#8211; L&rsquo;injection<\/li><li>Les viandes sont par\u00e9es, pr\u00e9par\u00e9es et hoch\u00e9es dans un cutter. Cela permet de transformer les morceaux de viandes en parts fines telles que les saucisses blanches, knacks&#8230;<br \/>Les pr\u00e9paration sont assaisonn\u00e9es lors de la pr\u00e9paration<\/li><li>Vient ensuite la mise en boyaux avec le poussoir et la cuisson, le s\u00e9choir ou le fumoir\u00a0<\/li><li>Apr\u00e8s refroidissement nos produits sont pr\u00eats \u00e0 \u00eatre consomm\u00e9s.<\/li><\/ol>\t\t\t\t\t<\/div>\n\t\t\t\t\t\t<\/div>\n\t\t\t\t<\/div>\n\t\t\t\t\t\t<\/div>\n\t\t\t\t\t<\/div>\n\t\t<\/div>\n\t\t\t\t\t\t\t\t<\/div>\n\t\t\t\t\t<\/div>\n\t\t<\/section>\n\t\t\t\t<section class=\"elementor-section elementor-top-section elementor-element elementor-element-6601691 elementor-section-boxed elementor-section-height-default elementor-section-height-default\" data-id=\"6601691\" data-element_type=\"section\">\n\t\t\t\t\t\t<div class=\"elementor-container elementor-column-gap-default\">\n\t\t\t\t\t\t\t<div class=\"elementor-row\">\n\t\t\t\t\t<div class=\"elementor-column elementor-col-100 elementor-top-column elementor-element elementor-element-cadaa5f\" data-id=\"cadaa5f\" data-element_type=\"column\">\n\t\t\t<div class=\"elementor-column-wrap elementor-element-populated\">\n\t\t\t\t\t\t\t<div class=\"elementor-widget-wrap\">\n\t\t\t\t\t\t<div class=\"elementor-element elementor-element-ac25626 elementor-widget elementor-widget-text-editor\" data-id=\"ac25626\" data-element_type=\"widget\" data-widget_type=\"text-editor.default\">\n\t\t\t\t<div class=\"elementor-widget-container\">\n\t\t\t\t\t\t\t\t<div class=\"elementor-text-editor elementor-clearfix\">\n\t\t\t\t\t<h4><span style=\"font-weight: normal;\">Depuis 2013, nous avons obtenu le label <\/span><u>QUALICHEF<\/u><\/h4>\t\t\t\t\t<\/div>\n\t\t\t\t\t\t<\/div>\n\t\t\t\t<\/div>\n\t\t\t\t\t\t<\/div>\n\t\t\t\t\t<\/div>\n\t\t<\/div>\n\t\t\t\t\t\t\t\t<\/div>\n\t\t\t\t\t<\/div>\n\t\t<\/section>\n\t\t\t\t\t\t<\/div>\n\t\t\t\t\t\t<\/div>\n\t\t\t\t\t<\/div>\n\t\t","protected":false},"excerpt":{"rendered":"<p>Fabrication maison Notre point fort r\u00e9side dans la fabrication maison de nos produits en effet\u00a0a maison Jacquot fabrique sa charcuterie dans ses propres locaux Nous fabriquons chez nous, pour vous ! Voici les produits phares de notre charcuterie artisanale : Boudins noir Boudins blanc Fromage de t\u00eate Jambon blanc P\u00e2t\u00e9 de campagne Terrine \u00e0 la [&hellip;]<\/p>\n","protected":false},"author":1,"featured_media":0,"parent":0,"menu_order":0,"comment_status":"closed","ping_status":"closed","template":"","meta":{"footnotes":""},"class_list":["post-225","page","type-page","status-publish","hentry"],"_links":{"self":[{"href":"http:\/\/www.boucherie-jacquot.fr\/index.php\/wp-json\/wp\/v2\/pages\/225","targetHints":{"allow":["GET"]}}],"collection":[{"href":"http:\/\/www.boucherie-jacquot.fr\/index.php\/wp-json\/wp\/v2\/pages"}],"about":[{"href":"http:\/\/www.boucherie-jacquot.fr\/index.php\/wp-json\/wp\/v2\/types\/page"}],"author":[{"embeddable":true,"href":"http:\/\/www.boucherie-jacquot.fr\/index.php\/wp-json\/wp\/v2\/users\/1"}],"replies":[{"embeddable":true,"href":"http:\/\/www.boucherie-jacquot.fr\/index.php\/wp-json\/wp\/v2\/comments?post=225"}],"version-history":[{"count":1,"href":"http:\/\/www.boucherie-jacquot.fr\/index.php\/wp-json\/wp\/v2\/pages\/225\/revisions"}],"predecessor-version":[{"id":459,"href":"http:\/\/www.boucherie-jacquot.fr\/index.php\/wp-json\/wp\/v2\/pages\/225\/revisions\/459"}],"wp:attachment":[{"href":"http:\/\/www.boucherie-jacquot.fr\/index.php\/wp-json\/wp\/v2\/media?parent=225"}],"curies":[{"name":"wp","href":"https:\/\/api.w.org\/{rel}","templated":true}]}}